{"id":7561,"date":"2026-01-31T15:50:49","date_gmt":"2026-01-31T13:50:49","guid":{"rendered":"https:\/\/nailspa.ee\/e-pood\/?post_type=product&#038;p=7561"},"modified":"2026-02-17T18:00:04","modified_gmt":"2026-02-17T16:00:04","slug":"ombre-paint-neon-palett-5-varvi","status":"publish","type":"product","link":"https:\/\/nailspa.ee\/e-pood\/toode\/ombre-paint-neon-palett-5-varvi\/","title":{"rendered":"Ombre Paint Neon palett &#8211; 5 v\u00e4rvi"},"content":{"rendered":"","protected":false},"excerpt":{"rendered":"<ul>\n<li>Aitab kiirealt teha ombre disaini<\/li>\n<li>T\u00e4nu kreemiale koostisele ei valgu k\u00fc\u00fcnenahkadele<\/li>\n<li>Sobib ka templiv\u00e4rviks<\/li>\n<li>Mida rohkem v\u00e4rve t\u00f6\u00f6delda, seda vedelamaks muutuvad<\/li>\n<\/ul>\n","protected":false},"featured_media":7504,"template":"","meta":[],"product_brand":[],"product_cat":[90,116],"product_tag":[],"class_list":{"0":"post-7561","1":"product","2":"type-product","3":"status-publish","4":"has-post-thumbnail","6":"product_cat-kuunedisain","7":"product_cat-uus_kollektsioon","9":"first","10":"instock","11":"taxable","12":"shipping-taxable","13":"purchasable","14":"product-type-simple"},"yoast_head":"<!-- This site is optimized with the Yoast SEO plugin v26.4 - https:\/\/yoast.com\/wordpress\/plugins\/seo\/ -->\n<title>Ombre Paint Neon palett - 5 v\u00e4rvi | Nailspa e-pood<\/title>\n<meta name=\"robots\" content=\"index, follow, max-snippet:-1, max-image-preview:large, max-video-preview:-1\" \/>\n<link rel=\"canonical\" href=\"https:\/\/nailspa.ee\/e-pood\/toode\/ombre-paint-neon-palett-5-varvi\/\" \/>\n<meta property=\"og:locale\" content=\"et_EE\" \/>\n<meta property=\"og:type\" content=\"article\" \/>\n<meta property=\"og:title\" content=\"Ombre Paint Neon palett - 5 v\u00e4rvi | Nailspa e-pood\" \/>\n<meta property=\"og:description\" content=\"Aitab kiirealt teha ombre disaini  T\u00e4nu kreemiale koostisele ei valgu k\u00fc\u00fcnenahkadele  Sobib ka templiv\u00e4rviks  Mida rohkem v\u00e4rve t\u00f6\u00f6delda, seda vedelamaks muutuvad\" \/>\n<meta property=\"og:url\" content=\"https:\/\/nailspa.ee\/e-pood\/toode\/ombre-paint-neon-palett-5-varvi\/\" \/>\n<meta property=\"og:site_name\" content=\"Nailspa e-pood\" \/>\n<meta property=\"article:modified_time\" content=\"2026-02-17T16:00:04+00:00\" \/>\n<meta property=\"og:image\" content=\"https:\/\/nailspa.ee\/e-pood\/wp-content\/uploads\/2026\/01\/30696_Ombre-Paint-Neon-5ml_2-scaled.jpg\" \/>\n\t<meta property=\"og:image:width\" content=\"2560\" \/>\n\t<meta property=\"og:image:height\" content=\"2560\" \/>\n\t<meta property=\"og:image:type\" content=\"image\/jpeg\" \/>\n<meta name=\"twitter:card\" content=\"summary_large_image\" \/>\n<meta name=\"twitter:label1\" content=\"Est. reading time\" \/>\n\t<meta name=\"twitter:data1\" content=\"1 minut\" \/>\n<script type=\"application\/ld+json\" class=\"yoast-schema-graph\">{\"@context\":\"https:\/\/schema.org\",\"@graph\":[{\"@type\":\"WebPage\",\"@id\":\"https:\/\/nailspa.ee\/e-pood\/toode\/ombre-paint-neon-palett-5-varvi\/\",\"url\":\"https:\/\/nailspa.ee\/e-pood\/toode\/ombre-paint-neon-palett-5-varvi\/\",\"name\":\"Ombre Paint Neon palett - 5 v\u00e4rvi | Nailspa e-pood\",\"isPartOf\":{\"@id\":\"http:\/\/nailspa.ee\/e-pood\/#website\"},\"primaryImageOfPage\":{\"@id\":\"https:\/\/nailspa.ee\/e-pood\/toode\/ombre-paint-neon-palett-5-varvi\/#primaryimage\"},\"image\":{\"@id\":\"https:\/\/nailspa.ee\/e-pood\/toode\/ombre-paint-neon-palett-5-varvi\/#primaryimage\"},\"thumbnailUrl\":\"https:\/\/nailspa.ee\/e-pood\/wp-content\/uploads\/2026\/01\/30696_Ombre-Paint-Neon-5ml_2-scaled.jpg\",\"datePublished\":\"2026-01-31T13:50:49+00:00\",\"dateModified\":\"2026-02-17T16:00:04+00:00\",\"breadcrumb\":{\"@id\":\"https:\/\/nailspa.ee\/e-pood\/toode\/ombre-paint-neon-palett-5-varvi\/#breadcrumb\"},\"inLanguage\":\"et\",\"potentialAction\":[{\"@type\":\"ReadAction\",\"target\":[\"https:\/\/nailspa.ee\/e-pood\/toode\/ombre-paint-neon-palett-5-varvi\/\"]}]},{\"@type\":\"ImageObject\",\"inLanguage\":\"et\",\"@id\":\"https:\/\/nailspa.ee\/e-pood\/toode\/ombre-paint-neon-palett-5-varvi\/#primaryimage\",\"url\":\"https:\/\/nailspa.ee\/e-pood\/wp-content\/uploads\/2026\/01\/30696_Ombre-Paint-Neon-5ml_2-scaled.jpg\",\"contentUrl\":\"https:\/\/nailspa.ee\/e-pood\/wp-content\/uploads\/2026\/01\/30696_Ombre-Paint-Neon-5ml_2-scaled.jpg\",\"width\":2560,\"height\":2560},{\"@type\":\"BreadcrumbList\",\"@id\":\"https:\/\/nailspa.ee\/e-pood\/toode\/ombre-paint-neon-palett-5-varvi\/#breadcrumb\",\"itemListElement\":[{\"@type\":\"ListItem\",\"position\":1,\"name\":\"Home\",\"item\":\"http:\/\/nailspa.ee\/e-pood\/\"},{\"@type\":\"ListItem\",\"position\":2,\"name\":\"Pood\",\"item\":\"http:\/\/nailspa.ee\/e-pood\/pood\/\"},{\"@type\":\"ListItem\",\"position\":3,\"name\":\"Ombre Paint Neon palett &#8211; 5 v\u00e4rvi\"}]},{\"@type\":\"WebSite\",\"@id\":\"http:\/\/nailspa.ee\/e-pood\/#website\",\"url\":\"http:\/\/nailspa.ee\/e-pood\/\",\"name\":\"Nailspa e-pood\",\"description\":\"\",\"potentialAction\":[{\"@type\":\"SearchAction\",\"target\":{\"@type\":\"EntryPoint\",\"urlTemplate\":\"http:\/\/nailspa.ee\/e-pood\/?s={search_term_string}\"},\"query-input\":{\"@type\":\"PropertyValueSpecification\",\"valueRequired\":true,\"valueName\":\"search_term_string\"}}],\"inLanguage\":\"et\"}]}<\/script>\n<!-- \/ Yoast SEO plugin. -->","yoast_head_json":{"title":"Ombre Paint Neon palett - 5 v\u00e4rvi | Nailspa e-pood","robots":{"index":"index","follow":"follow","max-snippet":"max-snippet:-1","max-image-preview":"max-image-preview:large","max-video-preview":"max-video-preview:-1"},"canonical":"https:\/\/nailspa.ee\/e-pood\/toode\/ombre-paint-neon-palett-5-varvi\/","og_locale":"et_EE","og_type":"article","og_title":"Ombre Paint Neon palett - 5 v\u00e4rvi | Nailspa e-pood","og_description":"Aitab kiirealt teha ombre disaini  T\u00e4nu kreemiale koostisele ei valgu k\u00fc\u00fcnenahkadele  Sobib ka templiv\u00e4rviks  Mida rohkem v\u00e4rve t\u00f6\u00f6delda, seda vedelamaks muutuvad","og_url":"https:\/\/nailspa.ee\/e-pood\/toode\/ombre-paint-neon-palett-5-varvi\/","og_site_name":"Nailspa e-pood","article_modified_time":"2026-02-17T16:00:04+00:00","og_image":[{"width":2560,"height":2560,"url":"https:\/\/nailspa.ee\/e-pood\/wp-content\/uploads\/2026\/01\/30696_Ombre-Paint-Neon-5ml_2-scaled.jpg","type":"image\/jpeg"}],"twitter_card":"summary_large_image","twitter_misc":{"Est. reading time":"1 minut"},"schema":{"@context":"https:\/\/schema.org","@graph":[{"@type":"WebPage","@id":"https:\/\/nailspa.ee\/e-pood\/toode\/ombre-paint-neon-palett-5-varvi\/","url":"https:\/\/nailspa.ee\/e-pood\/toode\/ombre-paint-neon-palett-5-varvi\/","name":"Ombre Paint Neon palett - 5 v\u00e4rvi | Nailspa e-pood","isPartOf":{"@id":"http:\/\/nailspa.ee\/e-pood\/#website"},"primaryImageOfPage":{"@id":"https:\/\/nailspa.ee\/e-pood\/toode\/ombre-paint-neon-palett-5-varvi\/#primaryimage"},"image":{"@id":"https:\/\/nailspa.ee\/e-pood\/toode\/ombre-paint-neon-palett-5-varvi\/#primaryimage"},"thumbnailUrl":"https:\/\/nailspa.ee\/e-pood\/wp-content\/uploads\/2026\/01\/30696_Ombre-Paint-Neon-5ml_2-scaled.jpg","datePublished":"2026-01-31T13:50:49+00:00","dateModified":"2026-02-17T16:00:04+00:00","breadcrumb":{"@id":"https:\/\/nailspa.ee\/e-pood\/toode\/ombre-paint-neon-palett-5-varvi\/#breadcrumb"},"inLanguage":"et","potentialAction":[{"@type":"ReadAction","target":["https:\/\/nailspa.ee\/e-pood\/toode\/ombre-paint-neon-palett-5-varvi\/"]}]},{"@type":"ImageObject","inLanguage":"et","@id":"https:\/\/nailspa.ee\/e-pood\/toode\/ombre-paint-neon-palett-5-varvi\/#primaryimage","url":"https:\/\/nailspa.ee\/e-pood\/wp-content\/uploads\/2026\/01\/30696_Ombre-Paint-Neon-5ml_2-scaled.jpg","contentUrl":"https:\/\/nailspa.ee\/e-pood\/wp-content\/uploads\/2026\/01\/30696_Ombre-Paint-Neon-5ml_2-scaled.jpg","width":2560,"height":2560},{"@type":"BreadcrumbList","@id":"https:\/\/nailspa.ee\/e-pood\/toode\/ombre-paint-neon-palett-5-varvi\/#breadcrumb","itemListElement":[{"@type":"ListItem","position":1,"name":"Home","item":"http:\/\/nailspa.ee\/e-pood\/"},{"@type":"ListItem","position":2,"name":"Pood","item":"http:\/\/nailspa.ee\/e-pood\/pood\/"},{"@type":"ListItem","position":3,"name":"Ombre Paint Neon palett &#8211; 5 v\u00e4rvi"}]},{"@type":"WebSite","@id":"http:\/\/nailspa.ee\/e-pood\/#website","url":"http:\/\/nailspa.ee\/e-pood\/","name":"Nailspa e-pood","description":"","potentialAction":[{"@type":"SearchAction","target":{"@type":"EntryPoint","urlTemplate":"http:\/\/nailspa.ee\/e-pood\/?s={search_term_string}"},"query-input":{"@type":"PropertyValueSpecification","valueRequired":true,"valueName":"search_term_string"}}],"inLanguage":"et"}]}},"_links":{"self":[{"href":"https:\/\/nailspa.ee\/e-pood\/wp-json\/wp\/v2\/product\/7561","targetHints":{"allow":["GET"]}}],"collection":[{"href":"https:\/\/nailspa.ee\/e-pood\/wp-json\/wp\/v2\/product"}],"about":[{"href":"https:\/\/nailspa.ee\/e-pood\/wp-json\/wp\/v2\/types\/product"}],"wp:featuredmedia":[{"embeddable":true,"href":"https:\/\/nailspa.ee\/e-pood\/wp-json\/wp\/v2\/media\/7504"}],"wp:attachment":[{"href":"https:\/\/nailspa.ee\/e-pood\/wp-json\/wp\/v2\/media?parent=7561"}],"wp:term":[{"taxonomy":"product_brand","embeddable":true,"href":"https:\/\/nailspa.ee\/e-pood\/wp-json\/wp\/v2\/product_brand?post=7561"},{"taxonomy":"product_cat","embeddable":true,"href":"https:\/\/nailspa.ee\/e-pood\/wp-json\/wp\/v2\/product_cat?post=7561"},{"taxonomy":"product_tag","embeddable":true,"href":"https:\/\/nailspa.ee\/e-pood\/wp-json\/wp\/v2\/product_tag?post=7561"}],"curies":[{"name":"wp","href":"https:\/\/api.w.org\/{rel}","templated":true}]}}