{"id":7205,"date":"2025-03-13T12:48:37","date_gmt":"2025-03-13T10:48:37","guid":{"rendered":"https:\/\/nailspa.ee\/e-pood\/?post_type=product&#038;p=7205"},"modified":"2025-12-10T10:36:59","modified_gmt":"2025-12-10T08:36:59","slug":"abc-kateseerum-40-ml","status":"publish","type":"product","link":"https:\/\/nailspa.ee\/e-pood\/toode\/abc-kateseerum-40-ml\/","title":{"rendered":"ABC+ k\u00e4teseerum 40 ml"},"content":{"rendered":"","protected":false},"excerpt":{"rendered":"<ul>\n<li>Niisutav<\/li>\n<li class=\"pdp-usplist__item pdp-usplist__item--product\">V\u00f5itleb naha vananemise m\u00e4rkidega<\/li>\n<li class=\"pdp-usplist__item pdp-usplist__item--product\"><i class=\"fal fa-check\"><\/i>Parandab naha elastust<\/li>\n<li class=\"pdp-usplist__item pdp-usplist__item--product\"><i class=\"fal fa-check\"><\/i>V\u00e4hendab pigmentatsiooni<\/li>\n<li class=\"pdp-usplist__item pdp-usplist__item--product\">V\u00e4hendab vanaduslaike<\/li>\n<li>Seerumis on segu A, B, C-vitamiinist ja palju muud<\/li>\n<li>Sisaldab h\u00fcaluroonhapet<\/li>\n<li>Enne kasutamist kindlasti raputada<\/li>\n<\/ul>\n","protected":false},"featured_media":7145,"template":"","meta":[],"product_brand":[],"product_cat":[83],"product_tag":[],"class_list":{"0":"post-7205","1":"product","2":"type-product","3":"status-publish","4":"has-post-thumbnail","6":"product_cat-katehooldus","8":"first","9":"instock","10":"taxable","11":"shipping-taxable","12":"product-type-simple"},"yoast_head":"<!-- This site is optimized with the Yoast SEO plugin v26.4 - https:\/\/yoast.com\/wordpress\/plugins\/seo\/ -->\n<title>ABC+ k\u00e4teseerum 40 ml | Nailspa e-pood<\/title>\n<meta name=\"robots\" content=\"index, follow, max-snippet:-1, max-image-preview:large, max-video-preview:-1\" \/>\n<link rel=\"canonical\" href=\"https:\/\/nailspa.ee\/e-pood\/toode\/abc-kateseerum-40-ml\/\" \/>\n<meta property=\"og:locale\" content=\"et_EE\" \/>\n<meta property=\"og:type\" content=\"article\" \/>\n<meta property=\"og:title\" content=\"ABC+ k\u00e4teseerum 40 ml | Nailspa e-pood\" \/>\n<meta property=\"og:description\" content=\"Niisutav  V\u00f5itleb naha vananemise m\u00e4rkidega  Parandab naha elastust  V\u00e4hendab pigmentatsiooni  V\u00e4hendab vanaduslaike  Seerumis on segu A, B, C-vitamiinist ja palju muud  Sisaldab h\u00fcaluroonhapet  Enne kasutamist kindlasti raputada\" \/>\n<meta property=\"og:url\" content=\"https:\/\/nailspa.ee\/e-pood\/toode\/abc-kateseerum-40-ml\/\" \/>\n<meta property=\"og:site_name\" content=\"Nailspa e-pood\" \/>\n<meta property=\"article:modified_time\" content=\"2025-12-10T08:36:59+00:00\" \/>\n<meta property=\"og:image\" content=\"https:\/\/nailspa.ee\/e-pood\/wp-content\/uploads\/2025\/03\/30419_2.jpg\" \/>\n\t<meta property=\"og:image:width\" content=\"1500\" \/>\n\t<meta property=\"og:image:height\" content=\"1500\" \/>\n\t<meta property=\"og:image:type\" content=\"image\/jpeg\" \/>\n<meta name=\"twitter:card\" content=\"summary_large_image\" \/>\n<meta name=\"twitter:label1\" content=\"Est. reading time\" \/>\n\t<meta name=\"twitter:data1\" content=\"1 minut\" \/>\n<script type=\"application\/ld+json\" class=\"yoast-schema-graph\">{\"@context\":\"https:\/\/schema.org\",\"@graph\":[{\"@type\":\"WebPage\",\"@id\":\"https:\/\/nailspa.ee\/e-pood\/toode\/abc-kateseerum-40-ml\/\",\"url\":\"https:\/\/nailspa.ee\/e-pood\/toode\/abc-kateseerum-40-ml\/\",\"name\":\"ABC+ k\u00e4teseerum 40 ml | Nailspa e-pood\",\"isPartOf\":{\"@id\":\"https:\/\/nailspa.ee\/e-pood\/#website\"},\"primaryImageOfPage\":{\"@id\":\"https:\/\/nailspa.ee\/e-pood\/toode\/abc-kateseerum-40-ml\/#primaryimage\"},\"image\":{\"@id\":\"https:\/\/nailspa.ee\/e-pood\/toode\/abc-kateseerum-40-ml\/#primaryimage\"},\"thumbnailUrl\":\"https:\/\/nailspa.ee\/e-pood\/wp-content\/uploads\/2025\/03\/30419_2.jpg\",\"datePublished\":\"2025-03-13T10:48:37+00:00\",\"dateModified\":\"2025-12-10T08:36:59+00:00\",\"breadcrumb\":{\"@id\":\"https:\/\/nailspa.ee\/e-pood\/toode\/abc-kateseerum-40-ml\/#breadcrumb\"},\"inLanguage\":\"et\",\"potentialAction\":[{\"@type\":\"ReadAction\",\"target\":[\"https:\/\/nailspa.ee\/e-pood\/toode\/abc-kateseerum-40-ml\/\"]}]},{\"@type\":\"ImageObject\",\"inLanguage\":\"et\",\"@id\":\"https:\/\/nailspa.ee\/e-pood\/toode\/abc-kateseerum-40-ml\/#primaryimage\",\"url\":\"https:\/\/nailspa.ee\/e-pood\/wp-content\/uploads\/2025\/03\/30419_2.jpg\",\"contentUrl\":\"https:\/\/nailspa.ee\/e-pood\/wp-content\/uploads\/2025\/03\/30419_2.jpg\",\"width\":1500,\"height\":1500},{\"@type\":\"BreadcrumbList\",\"@id\":\"https:\/\/nailspa.ee\/e-pood\/toode\/abc-kateseerum-40-ml\/#breadcrumb\",\"itemListElement\":[{\"@type\":\"ListItem\",\"position\":1,\"name\":\"Home\",\"item\":\"https:\/\/nailspa.ee\/e-pood\/\"},{\"@type\":\"ListItem\",\"position\":2,\"name\":\"Pood\",\"item\":\"https:\/\/nailspa.ee\/e-pood\/pood\/\"},{\"@type\":\"ListItem\",\"position\":3,\"name\":\"ABC+ k\u00e4teseerum 40 ml\"}]},{\"@type\":\"WebSite\",\"@id\":\"https:\/\/nailspa.ee\/e-pood\/#website\",\"url\":\"https:\/\/nailspa.ee\/e-pood\/\",\"name\":\"Nailspa e-pood\",\"description\":\"\",\"potentialAction\":[{\"@type\":\"SearchAction\",\"target\":{\"@type\":\"EntryPoint\",\"urlTemplate\":\"https:\/\/nailspa.ee\/e-pood\/?s={search_term_string}\"},\"query-input\":{\"@type\":\"PropertyValueSpecification\",\"valueRequired\":true,\"valueName\":\"search_term_string\"}}],\"inLanguage\":\"et\"}]}<\/script>\n<!-- \/ Yoast SEO plugin. -->","yoast_head_json":{"title":"ABC+ k\u00e4teseerum 40 ml | Nailspa e-pood","robots":{"index":"index","follow":"follow","max-snippet":"max-snippet:-1","max-image-preview":"max-image-preview:large","max-video-preview":"max-video-preview:-1"},"canonical":"https:\/\/nailspa.ee\/e-pood\/toode\/abc-kateseerum-40-ml\/","og_locale":"et_EE","og_type":"article","og_title":"ABC+ k\u00e4teseerum 40 ml | Nailspa e-pood","og_description":"Niisutav  V\u00f5itleb naha vananemise m\u00e4rkidega  Parandab naha elastust  V\u00e4hendab pigmentatsiooni  V\u00e4hendab vanaduslaike  Seerumis on segu A, B, C-vitamiinist ja palju muud  Sisaldab h\u00fcaluroonhapet  Enne kasutamist kindlasti raputada","og_url":"https:\/\/nailspa.ee\/e-pood\/toode\/abc-kateseerum-40-ml\/","og_site_name":"Nailspa e-pood","article_modified_time":"2025-12-10T08:36:59+00:00","og_image":[{"width":1500,"height":1500,"url":"https:\/\/nailspa.ee\/e-pood\/wp-content\/uploads\/2025\/03\/30419_2.jpg","type":"image\/jpeg"}],"twitter_card":"summary_large_image","twitter_misc":{"Est. reading time":"1 minut"},"schema":{"@context":"https:\/\/schema.org","@graph":[{"@type":"WebPage","@id":"https:\/\/nailspa.ee\/e-pood\/toode\/abc-kateseerum-40-ml\/","url":"https:\/\/nailspa.ee\/e-pood\/toode\/abc-kateseerum-40-ml\/","name":"ABC+ k\u00e4teseerum 40 ml | Nailspa e-pood","isPartOf":{"@id":"https:\/\/nailspa.ee\/e-pood\/#website"},"primaryImageOfPage":{"@id":"https:\/\/nailspa.ee\/e-pood\/toode\/abc-kateseerum-40-ml\/#primaryimage"},"image":{"@id":"https:\/\/nailspa.ee\/e-pood\/toode\/abc-kateseerum-40-ml\/#primaryimage"},"thumbnailUrl":"https:\/\/nailspa.ee\/e-pood\/wp-content\/uploads\/2025\/03\/30419_2.jpg","datePublished":"2025-03-13T10:48:37+00:00","dateModified":"2025-12-10T08:36:59+00:00","breadcrumb":{"@id":"https:\/\/nailspa.ee\/e-pood\/toode\/abc-kateseerum-40-ml\/#breadcrumb"},"inLanguage":"et","potentialAction":[{"@type":"ReadAction","target":["https:\/\/nailspa.ee\/e-pood\/toode\/abc-kateseerum-40-ml\/"]}]},{"@type":"ImageObject","inLanguage":"et","@id":"https:\/\/nailspa.ee\/e-pood\/toode\/abc-kateseerum-40-ml\/#primaryimage","url":"https:\/\/nailspa.ee\/e-pood\/wp-content\/uploads\/2025\/03\/30419_2.jpg","contentUrl":"https:\/\/nailspa.ee\/e-pood\/wp-content\/uploads\/2025\/03\/30419_2.jpg","width":1500,"height":1500},{"@type":"BreadcrumbList","@id":"https:\/\/nailspa.ee\/e-pood\/toode\/abc-kateseerum-40-ml\/#breadcrumb","itemListElement":[{"@type":"ListItem","position":1,"name":"Home","item":"https:\/\/nailspa.ee\/e-pood\/"},{"@type":"ListItem","position":2,"name":"Pood","item":"https:\/\/nailspa.ee\/e-pood\/pood\/"},{"@type":"ListItem","position":3,"name":"ABC+ k\u00e4teseerum 40 ml"}]},{"@type":"WebSite","@id":"https:\/\/nailspa.ee\/e-pood\/#website","url":"https:\/\/nailspa.ee\/e-pood\/","name":"Nailspa e-pood","description":"","potentialAction":[{"@type":"SearchAction","target":{"@type":"EntryPoint","urlTemplate":"https:\/\/nailspa.ee\/e-pood\/?s={search_term_string}"},"query-input":{"@type":"PropertyValueSpecification","valueRequired":true,"valueName":"search_term_string"}}],"inLanguage":"et"}]}},"_links":{"self":[{"href":"https:\/\/nailspa.ee\/e-pood\/wp-json\/wp\/v2\/product\/7205","targetHints":{"allow":["GET"]}}],"collection":[{"href":"https:\/\/nailspa.ee\/e-pood\/wp-json\/wp\/v2\/product"}],"about":[{"href":"https:\/\/nailspa.ee\/e-pood\/wp-json\/wp\/v2\/types\/product"}],"wp:featuredmedia":[{"embeddable":true,"href":"https:\/\/nailspa.ee\/e-pood\/wp-json\/wp\/v2\/media\/7145"}],"wp:attachment":[{"href":"https:\/\/nailspa.ee\/e-pood\/wp-json\/wp\/v2\/media?parent=7205"}],"wp:term":[{"taxonomy":"product_brand","embeddable":true,"href":"https:\/\/nailspa.ee\/e-pood\/wp-json\/wp\/v2\/product_brand?post=7205"},{"taxonomy":"product_cat","embeddable":true,"href":"https:\/\/nailspa.ee\/e-pood\/wp-json\/wp\/v2\/product_cat?post=7205"},{"taxonomy":"product_tag","embeddable":true,"href":"https:\/\/nailspa.ee\/e-pood\/wp-json\/wp\/v2\/product_tag?post=7205"}],"curies":[{"name":"wp","href":"https:\/\/api.w.org\/{rel}","templated":true}]}}