{"id":2840,"date":"2020-01-15T21:51:43","date_gmt":"2020-01-15T19:51:43","guid":{"rendered":"https:\/\/nailspa.ee\/e-pood\/toode\/smart-light-led-lamp\/"},"modified":"2020-11-20T15:45:19","modified_gmt":"2020-11-20T13:45:19","slug":"smart-light-led-lamp","status":"publish","type":"product","link":"https:\/\/nailspa.ee\/e-pood\/toode\/smart-light-led-lamp\/","title":{"rendered":"Smart LED lamp"},"content":{"rendered":"","protected":false},"excerpt":{"rendered":"<ul>\n<li>K\u00f5ige intelligentsem LED lamp mida sa n\u00e4inud oled! ProNails SMART LED!<\/li>\n<li>Sisseehitatud nutikas ja intelligentne LED s\u00fcsteem<\/li>\n<li>V\u00f5imaldab kontrollida lambi v\u00f5imsust ja kuumust!<\/li>\n<li>V\u00e4ldib kuuma- ja k\u00f5rvetustunnet tundlikel klientidel<\/li>\n<li>4 individuaalset taimer nuppu<\/li>\n<li>Funktsioon SOFT START 30sek. &#8211; alustab geeli kuivatamist 40% v\u00f5imsusest ja suureneb j\u00e4rk-j\u00e4rgult 100%-ni<\/li>\n<li>Funktsioon SOFT START 30sek. &#8211; alustab geeli kuivatamist 40% v\u00f5imsusest ja suureneb j\u00e4rk-j\u00e4rgult 100%-ni<\/li>\n<li>Funktsioon SOFT START 30sek. &#8211; alustab geeli kuivatamist 40% v\u00f5imsusest ja suureneb j\u00e4rk-j\u00e4rgult 100%-ni<\/li>\n<li>SOFT START 60sek &#8211; m\u00f5eldud eriti tundlikele klientidele. Kuivatusprotsess algab 20% v\u00f5imsusel ja suureneb aeglasemas tempos 100%-ni<\/li>\n<li>FULL START funktsioon kasutab lambi t\u00e4isv\u00f5imsust v\u00e4rviliste ja l\u00e4ikegeelide optimaalseks kuivatamiseks<\/li>\n<li>ProNails Smart Light on v\u00e4ga soovitatav 3in1 geelide kasutamisel optimaalse kiiruse ja kuumuse reguleerimiseks<\/li>\n<li>Lampi on v\u00e4ga lihtne hooldada ja puhastada<\/li>\n<li>Magnet p\u00f5hi on kergesti eemaldatav<\/li>\n<\/ul>\n","protected":false},"featured_media":3802,"template":"","meta":[],"product_brand":[],"product_cat":[89],"product_tag":[],"class_list":{"0":"post-2840","1":"product","2":"type-product","3":"status-publish","4":"has-post-thumbnail","6":"product_cat-seadmed-ja-tarvikud","8":"first","9":"instock","10":"taxable","11":"shipping-taxable","12":"product-type-simple"},"yoast_head":"<!-- This site is optimized with the Yoast SEO plugin v26.4 - https:\/\/yoast.com\/wordpress\/plugins\/seo\/ -->\n<title>Smart LED lamp | Nailspa e-pood<\/title>\n<meta name=\"robots\" content=\"index, follow, max-snippet:-1, max-image-preview:large, max-video-preview:-1\" \/>\n<link rel=\"canonical\" href=\"https:\/\/nailspa.ee\/e-pood\/toode\/smart-light-led-lamp\/\" \/>\n<meta property=\"og:locale\" content=\"et_EE\" \/>\n<meta property=\"og:type\" content=\"article\" \/>\n<meta property=\"og:title\" content=\"Smart LED lamp | Nailspa e-pood\" \/>\n<meta property=\"og:description\" content=\"K\u00f5ige intelligentsem LED lamp mida sa n\u00e4inud oled! ProNails SMART LED!  Sisseehitatud nutikas ja intelligentne LED s\u00fcsteem  V\u00f5imaldab kontrollida lambi v\u00f5imsust ja kuumust!  V\u00e4ldib kuuma- ja k\u00f5rvetustunnet tundlikel klientidel  4 individuaalset taimer nuppu  Funktsioon SOFT START 30sek. - alustab geeli kuivatamist 40% v\u00f5imsusest ja suureneb j\u00e4rk-j\u00e4rgult 100%-ni  Funktsioon SOFT START 30sek. - alustab geeli kuivatamist 40% v\u00f5imsusest ja suureneb j\u00e4rk-j\u00e4rgult 100%-ni  Funktsioon SOFT START 30sek. - alustab geeli kuivatamist 40% v\u00f5imsusest ja suureneb j\u00e4rk-j\u00e4rgult 100%-ni  SOFT START 60sek - m\u00f5eldud eriti tundlikele klientidele. Kuivatusprotsess algab 20% v\u00f5imsusel ja suureneb aeglasemas tempos 100%-ni  FULL START funktsioon kasutab lambi t\u00e4isv\u00f5imsust v\u00e4rviliste ja l\u00e4ikegeelide optimaalseks kuivatamiseks  ProNails Smart Light on v\u00e4ga soovitatav 3in1 geelide kasutamisel optimaalse kiiruse ja kuumuse reguleerimiseks  Lampi on v\u00e4ga lihtne hooldada ja puhastada  Magnet p\u00f5hi on kergesti eemaldatav\" \/>\n<meta property=\"og:url\" content=\"https:\/\/nailspa.ee\/e-pood\/toode\/smart-light-led-lamp\/\" \/>\n<meta property=\"og:site_name\" content=\"Nailspa e-pood\" \/>\n<meta property=\"article:modified_time\" content=\"2020-11-20T13:45:19+00:00\" \/>\n<meta property=\"og:image\" content=\"https:\/\/nailspa.ee\/e-pood\/wp-content\/uploads\/2020\/01\/Smart-LED-lamp-24338.jpg\" \/>\n\t<meta property=\"og:image:width\" content=\"400\" \/>\n\t<meta property=\"og:image:height\" content=\"400\" \/>\n\t<meta property=\"og:image:type\" content=\"image\/jpeg\" \/>\n<meta name=\"twitter:card\" content=\"summary_large_image\" \/>\n<script type=\"application\/ld+json\" class=\"yoast-schema-graph\">{\"@context\":\"https:\/\/schema.org\",\"@graph\":[{\"@type\":\"WebPage\",\"@id\":\"https:\/\/nailspa.ee\/e-pood\/toode\/smart-light-led-lamp\/\",\"url\":\"https:\/\/nailspa.ee\/e-pood\/toode\/smart-light-led-lamp\/\",\"name\":\"Smart LED lamp | Nailspa e-pood\",\"isPartOf\":{\"@id\":\"https:\/\/nailspa.ee\/e-pood\/#website\"},\"primaryImageOfPage\":{\"@id\":\"https:\/\/nailspa.ee\/e-pood\/toode\/smart-light-led-lamp\/#primaryimage\"},\"image\":{\"@id\":\"https:\/\/nailspa.ee\/e-pood\/toode\/smart-light-led-lamp\/#primaryimage\"},\"thumbnailUrl\":\"https:\/\/nailspa.ee\/e-pood\/wp-content\/uploads\/2020\/01\/Smart-LED-lamp-24338.jpg\",\"datePublished\":\"2020-01-15T19:51:43+00:00\",\"dateModified\":\"2020-11-20T13:45:19+00:00\",\"breadcrumb\":{\"@id\":\"https:\/\/nailspa.ee\/e-pood\/toode\/smart-light-led-lamp\/#breadcrumb\"},\"inLanguage\":\"et\",\"potentialAction\":[{\"@type\":\"ReadAction\",\"target\":[\"https:\/\/nailspa.ee\/e-pood\/toode\/smart-light-led-lamp\/\"]}]},{\"@type\":\"ImageObject\",\"inLanguage\":\"et\",\"@id\":\"https:\/\/nailspa.ee\/e-pood\/toode\/smart-light-led-lamp\/#primaryimage\",\"url\":\"https:\/\/nailspa.ee\/e-pood\/wp-content\/uploads\/2020\/01\/Smart-LED-lamp-24338.jpg\",\"contentUrl\":\"https:\/\/nailspa.ee\/e-pood\/wp-content\/uploads\/2020\/01\/Smart-LED-lamp-24338.jpg\",\"width\":400,\"height\":400},{\"@type\":\"BreadcrumbList\",\"@id\":\"https:\/\/nailspa.ee\/e-pood\/toode\/smart-light-led-lamp\/#breadcrumb\",\"itemListElement\":[{\"@type\":\"ListItem\",\"position\":1,\"name\":\"Home\",\"item\":\"https:\/\/nailspa.ee\/e-pood\/\"},{\"@type\":\"ListItem\",\"position\":2,\"name\":\"Pood\",\"item\":\"https:\/\/nailspa.ee\/e-pood\/pood\/\"},{\"@type\":\"ListItem\",\"position\":3,\"name\":\"Smart LED lamp\"}]},{\"@type\":\"WebSite\",\"@id\":\"https:\/\/nailspa.ee\/e-pood\/#website\",\"url\":\"https:\/\/nailspa.ee\/e-pood\/\",\"name\":\"Nailspa e-pood\",\"description\":\"\",\"potentialAction\":[{\"@type\":\"SearchAction\",\"target\":{\"@type\":\"EntryPoint\",\"urlTemplate\":\"https:\/\/nailspa.ee\/e-pood\/?s={search_term_string}\"},\"query-input\":{\"@type\":\"PropertyValueSpecification\",\"valueRequired\":true,\"valueName\":\"search_term_string\"}}],\"inLanguage\":\"et\"}]}<\/script>\n<!-- \/ Yoast SEO plugin. -->","yoast_head_json":{"title":"Smart LED lamp | Nailspa e-pood","robots":{"index":"index","follow":"follow","max-snippet":"max-snippet:-1","max-image-preview":"max-image-preview:large","max-video-preview":"max-video-preview:-1"},"canonical":"https:\/\/nailspa.ee\/e-pood\/toode\/smart-light-led-lamp\/","og_locale":"et_EE","og_type":"article","og_title":"Smart LED lamp | Nailspa e-pood","og_description":"K\u00f5ige intelligentsem LED lamp mida sa n\u00e4inud oled! ProNails SMART LED!  Sisseehitatud nutikas ja intelligentne LED s\u00fcsteem  V\u00f5imaldab kontrollida lambi v\u00f5imsust ja kuumust!  V\u00e4ldib kuuma- ja k\u00f5rvetustunnet tundlikel klientidel  4 individuaalset taimer nuppu  Funktsioon SOFT START 30sek. - alustab geeli kuivatamist 40% v\u00f5imsusest ja suureneb j\u00e4rk-j\u00e4rgult 100%-ni  Funktsioon SOFT START 30sek. - alustab geeli kuivatamist 40% v\u00f5imsusest ja suureneb j\u00e4rk-j\u00e4rgult 100%-ni  Funktsioon SOFT START 30sek. - alustab geeli kuivatamist 40% v\u00f5imsusest ja suureneb j\u00e4rk-j\u00e4rgult 100%-ni  SOFT START 60sek - m\u00f5eldud eriti tundlikele klientidele. Kuivatusprotsess algab 20% v\u00f5imsusel ja suureneb aeglasemas tempos 100%-ni  FULL START funktsioon kasutab lambi t\u00e4isv\u00f5imsust v\u00e4rviliste ja l\u00e4ikegeelide optimaalseks kuivatamiseks  ProNails Smart Light on v\u00e4ga soovitatav 3in1 geelide kasutamisel optimaalse kiiruse ja kuumuse reguleerimiseks  Lampi on v\u00e4ga lihtne hooldada ja puhastada  Magnet p\u00f5hi on kergesti eemaldatav","og_url":"https:\/\/nailspa.ee\/e-pood\/toode\/smart-light-led-lamp\/","og_site_name":"Nailspa e-pood","article_modified_time":"2020-11-20T13:45:19+00:00","og_image":[{"width":400,"height":400,"url":"https:\/\/nailspa.ee\/e-pood\/wp-content\/uploads\/2020\/01\/Smart-LED-lamp-24338.jpg","type":"image\/jpeg"}],"twitter_card":"summary_large_image","schema":{"@context":"https:\/\/schema.org","@graph":[{"@type":"WebPage","@id":"https:\/\/nailspa.ee\/e-pood\/toode\/smart-light-led-lamp\/","url":"https:\/\/nailspa.ee\/e-pood\/toode\/smart-light-led-lamp\/","name":"Smart LED lamp | Nailspa e-pood","isPartOf":{"@id":"https:\/\/nailspa.ee\/e-pood\/#website"},"primaryImageOfPage":{"@id":"https:\/\/nailspa.ee\/e-pood\/toode\/smart-light-led-lamp\/#primaryimage"},"image":{"@id":"https:\/\/nailspa.ee\/e-pood\/toode\/smart-light-led-lamp\/#primaryimage"},"thumbnailUrl":"https:\/\/nailspa.ee\/e-pood\/wp-content\/uploads\/2020\/01\/Smart-LED-lamp-24338.jpg","datePublished":"2020-01-15T19:51:43+00:00","dateModified":"2020-11-20T13:45:19+00:00","breadcrumb":{"@id":"https:\/\/nailspa.ee\/e-pood\/toode\/smart-light-led-lamp\/#breadcrumb"},"inLanguage":"et","potentialAction":[{"@type":"ReadAction","target":["https:\/\/nailspa.ee\/e-pood\/toode\/smart-light-led-lamp\/"]}]},{"@type":"ImageObject","inLanguage":"et","@id":"https:\/\/nailspa.ee\/e-pood\/toode\/smart-light-led-lamp\/#primaryimage","url":"https:\/\/nailspa.ee\/e-pood\/wp-content\/uploads\/2020\/01\/Smart-LED-lamp-24338.jpg","contentUrl":"https:\/\/nailspa.ee\/e-pood\/wp-content\/uploads\/2020\/01\/Smart-LED-lamp-24338.jpg","width":400,"height":400},{"@type":"BreadcrumbList","@id":"https:\/\/nailspa.ee\/e-pood\/toode\/smart-light-led-lamp\/#breadcrumb","itemListElement":[{"@type":"ListItem","position":1,"name":"Home","item":"https:\/\/nailspa.ee\/e-pood\/"},{"@type":"ListItem","position":2,"name":"Pood","item":"https:\/\/nailspa.ee\/e-pood\/pood\/"},{"@type":"ListItem","position":3,"name":"Smart LED lamp"}]},{"@type":"WebSite","@id":"https:\/\/nailspa.ee\/e-pood\/#website","url":"https:\/\/nailspa.ee\/e-pood\/","name":"Nailspa e-pood","description":"","potentialAction":[{"@type":"SearchAction","target":{"@type":"EntryPoint","urlTemplate":"https:\/\/nailspa.ee\/e-pood\/?s={search_term_string}"},"query-input":{"@type":"PropertyValueSpecification","valueRequired":true,"valueName":"search_term_string"}}],"inLanguage":"et"}]}},"_links":{"self":[{"href":"https:\/\/nailspa.ee\/e-pood\/wp-json\/wp\/v2\/product\/2840","targetHints":{"allow":["GET"]}}],"collection":[{"href":"https:\/\/nailspa.ee\/e-pood\/wp-json\/wp\/v2\/product"}],"about":[{"href":"https:\/\/nailspa.ee\/e-pood\/wp-json\/wp\/v2\/types\/product"}],"wp:featuredmedia":[{"embeddable":true,"href":"https:\/\/nailspa.ee\/e-pood\/wp-json\/wp\/v2\/media\/3802"}],"wp:attachment":[{"href":"https:\/\/nailspa.ee\/e-pood\/wp-json\/wp\/v2\/media?parent=2840"}],"wp:term":[{"taxonomy":"product_brand","embeddable":true,"href":"https:\/\/nailspa.ee\/e-pood\/wp-json\/wp\/v2\/product_brand?post=2840"},{"taxonomy":"product_cat","embeddable":true,"href":"https:\/\/nailspa.ee\/e-pood\/wp-json\/wp\/v2\/product_cat?post=2840"},{"taxonomy":"product_tag","embeddable":true,"href":"https:\/\/nailspa.ee\/e-pood\/wp-json\/wp\/v2\/product_tag?post=2840"}],"curies":[{"name":"wp","href":"https:\/\/api.w.org\/{rel}","templated":true}]}}