{"id":2691,"date":"2020-01-15T21:51:34","date_gmt":"2020-01-15T19:51:34","guid":{"rendered":"https:\/\/nailspa.ee\/e-pood\/toode\/vitamina-10ml-kuuneoli\/"},"modified":"2025-03-13T13:48:03","modified_gmt":"2025-03-13T11:48:03","slug":"vitamina-10ml-kuuneoli","status":"publish","type":"product","link":"https:\/\/nailspa.ee\/e-pood\/toode\/vitamina-10ml-kuuneoli\/","title":{"rendered":"Vitamina 10ml &#8211; k\u00fc\u00fcne\u00f5li"},"content":{"rendered":"","protected":false},"excerpt":{"rendered":"<ul>\n<li>Vitamina k\u00fc\u00fcne\u00f5li on s\u00fcgavniisutava ja raviva toimega. Terve k\u00fc\u00fcnemaatriks on v\u00f5ti tervetele ja tugevatele k\u00fc\u00fcntele. Unikaalne segu naturaalsetest \u00f5lidest ja noorendavatest antioks\u00fcdantidest, sisaldades looduslikke s\u00fcgavniisutavaid ja nahka rahustavaid koostisosi<\/li>\n<li>&#8211; Ravib<br \/>\n&#8211; Niisutab<br \/>\n&#8211; Rahustab<\/li>\n<li>&#8211; Nisuidu\u00f5li taastab kuiva ja kahjustunud k\u00fc\u00fcnenahka<br \/>\n&#8211; Mandli\u00f5li v\u00f5itleb \u00e4rrituse ja p\u00f5letikuga<br \/>\n&#8211; Makadaamia\u00f5li kaitseb ja rahustab k\u00fc\u00fcnenahka<br \/>\n&#8211; Loorberi \u00f5li on seenevastane ja antibakteriaalne<br \/>\n&#8211; Segu looduslikest \u00f5lidest on k\u00fc\u00fcnenahkasid toitev ning pakub intensiivset ja pikaajalist niisutust<\/li>\n<\/ul>\n","protected":false},"featured_media":2973,"template":"","meta":[],"product_brand":[],"product_cat":[84],"product_tag":[],"class_list":{"0":"post-2691","1":"product","2":"type-product","3":"status-publish","4":"has-post-thumbnail","6":"product_cat-kuuntehooldus","8":"first","9":"instock","10":"taxable","11":"shipping-taxable","12":"purchasable","13":"product-type-simple"},"yoast_head":"<!-- This site is optimized with the Yoast SEO plugin v26.4 - https:\/\/yoast.com\/wordpress\/plugins\/seo\/ -->\n<title>Vitamina 10ml - k\u00fc\u00fcne\u00f5li | Nailspa e-pood<\/title>\n<meta name=\"robots\" content=\"index, follow, max-snippet:-1, max-image-preview:large, max-video-preview:-1\" \/>\n<link rel=\"canonical\" href=\"http:\/\/nailspa.ee\/e-pood\/toode\/vitamina-10ml-kuuneoli\/\" \/>\n<meta property=\"og:locale\" content=\"et_EE\" \/>\n<meta property=\"og:type\" content=\"article\" \/>\n<meta property=\"og:title\" content=\"Vitamina 10ml - k\u00fc\u00fcne\u00f5li | Nailspa e-pood\" \/>\n<meta property=\"og:description\" content=\"Vitamina k\u00fc\u00fcne\u00f5li on s\u00fcgavniisutava ja raviva toimega. Terve k\u00fc\u00fcnemaatriks on v\u00f5ti tervetele ja tugevatele k\u00fc\u00fcntele. Unikaalne segu naturaalsetest \u00f5lidest ja noorendavatest antioks\u00fcdantidest, sisaldades looduslikke s\u00fcgavniisutavaid ja nahka rahustavaid koostisosi  - Ravib - Niisutab - Rahustab  - Nisuidu\u00f5li taastab kuiva ja kahjustunud k\u00fc\u00fcnenahka - Mandli\u00f5li v\u00f5itleb \u00e4rrituse ja p\u00f5letikuga - Makadaamia\u00f5li kaitseb ja rahustab k\u00fc\u00fcnenahka - Loorberi \u00f5li on seenevastane ja antibakteriaalne - Segu looduslikest \u00f5lidest on k\u00fc\u00fcnenahkasid toitev ning pakub intensiivset ja pikaajalist niisutust\" \/>\n<meta property=\"og:url\" content=\"http:\/\/nailspa.ee\/e-pood\/toode\/vitamina-10ml-kuuneoli\/\" \/>\n<meta property=\"og:site_name\" content=\"Nailspa e-pood\" \/>\n<meta property=\"article:modified_time\" content=\"2025-03-13T11:48:03+00:00\" \/>\n<meta property=\"og:image\" content=\"http:\/\/nailspa.ee\/e-pood\/wp-content\/uploads\/2020\/01\/PM6A7820-scaled.jpg\" \/>\n\t<meta property=\"og:image:width\" content=\"2560\" \/>\n\t<meta property=\"og:image:height\" content=\"2560\" \/>\n\t<meta property=\"og:image:type\" content=\"image\/jpeg\" \/>\n<meta name=\"twitter:card\" content=\"summary_large_image\" \/>\n<meta name=\"twitter:label1\" content=\"Est. reading time\" \/>\n\t<meta name=\"twitter:data1\" content=\"1 minut\" \/>\n<script type=\"application\/ld+json\" class=\"yoast-schema-graph\">{\"@context\":\"https:\/\/schema.org\",\"@graph\":[{\"@type\":\"WebPage\",\"@id\":\"http:\/\/nailspa.ee\/e-pood\/toode\/vitamina-10ml-kuuneoli\/\",\"url\":\"http:\/\/nailspa.ee\/e-pood\/toode\/vitamina-10ml-kuuneoli\/\",\"name\":\"Vitamina 10ml - k\u00fc\u00fcne\u00f5li | Nailspa e-pood\",\"isPartOf\":{\"@id\":\"https:\/\/nailspa.ee\/e-pood\/#website\"},\"primaryImageOfPage\":{\"@id\":\"http:\/\/nailspa.ee\/e-pood\/toode\/vitamina-10ml-kuuneoli\/#primaryimage\"},\"image\":{\"@id\":\"http:\/\/nailspa.ee\/e-pood\/toode\/vitamina-10ml-kuuneoli\/#primaryimage\"},\"thumbnailUrl\":\"https:\/\/nailspa.ee\/e-pood\/wp-content\/uploads\/2020\/01\/PM6A7820-scaled.jpg\",\"datePublished\":\"2020-01-15T19:51:34+00:00\",\"dateModified\":\"2025-03-13T11:48:03+00:00\",\"breadcrumb\":{\"@id\":\"http:\/\/nailspa.ee\/e-pood\/toode\/vitamina-10ml-kuuneoli\/#breadcrumb\"},\"inLanguage\":\"et\",\"potentialAction\":[{\"@type\":\"ReadAction\",\"target\":[\"http:\/\/nailspa.ee\/e-pood\/toode\/vitamina-10ml-kuuneoli\/\"]}]},{\"@type\":\"ImageObject\",\"inLanguage\":\"et\",\"@id\":\"http:\/\/nailspa.ee\/e-pood\/toode\/vitamina-10ml-kuuneoli\/#primaryimage\",\"url\":\"https:\/\/nailspa.ee\/e-pood\/wp-content\/uploads\/2020\/01\/PM6A7820-scaled.jpg\",\"contentUrl\":\"https:\/\/nailspa.ee\/e-pood\/wp-content\/uploads\/2020\/01\/PM6A7820-scaled.jpg\",\"width\":2560,\"height\":2560},{\"@type\":\"BreadcrumbList\",\"@id\":\"http:\/\/nailspa.ee\/e-pood\/toode\/vitamina-10ml-kuuneoli\/#breadcrumb\",\"itemListElement\":[{\"@type\":\"ListItem\",\"position\":1,\"name\":\"Home\",\"item\":\"https:\/\/nailspa.ee\/e-pood\/\"},{\"@type\":\"ListItem\",\"position\":2,\"name\":\"Pood\",\"item\":\"https:\/\/nailspa.ee\/e-pood\/pood\/\"},{\"@type\":\"ListItem\",\"position\":3,\"name\":\"Vitamina 10ml &#8211; k\u00fc\u00fcne\u00f5li\"}]},{\"@type\":\"WebSite\",\"@id\":\"https:\/\/nailspa.ee\/e-pood\/#website\",\"url\":\"https:\/\/nailspa.ee\/e-pood\/\",\"name\":\"Nailspa e-pood\",\"description\":\"\",\"potentialAction\":[{\"@type\":\"SearchAction\",\"target\":{\"@type\":\"EntryPoint\",\"urlTemplate\":\"https:\/\/nailspa.ee\/e-pood\/?s={search_term_string}\"},\"query-input\":{\"@type\":\"PropertyValueSpecification\",\"valueRequired\":true,\"valueName\":\"search_term_string\"}}],\"inLanguage\":\"et\"}]}<\/script>\n<!-- \/ Yoast SEO plugin. -->","yoast_head_json":{"title":"Vitamina 10ml - k\u00fc\u00fcne\u00f5li | Nailspa e-pood","robots":{"index":"index","follow":"follow","max-snippet":"max-snippet:-1","max-image-preview":"max-image-preview:large","max-video-preview":"max-video-preview:-1"},"canonical":"http:\/\/nailspa.ee\/e-pood\/toode\/vitamina-10ml-kuuneoli\/","og_locale":"et_EE","og_type":"article","og_title":"Vitamina 10ml - k\u00fc\u00fcne\u00f5li | Nailspa e-pood","og_description":"Vitamina k\u00fc\u00fcne\u00f5li on s\u00fcgavniisutava ja raviva toimega. Terve k\u00fc\u00fcnemaatriks on v\u00f5ti tervetele ja tugevatele k\u00fc\u00fcntele. Unikaalne segu naturaalsetest \u00f5lidest ja noorendavatest antioks\u00fcdantidest, sisaldades looduslikke s\u00fcgavniisutavaid ja nahka rahustavaid koostisosi  - Ravib - Niisutab - Rahustab  - Nisuidu\u00f5li taastab kuiva ja kahjustunud k\u00fc\u00fcnenahka - Mandli\u00f5li v\u00f5itleb \u00e4rrituse ja p\u00f5letikuga - Makadaamia\u00f5li kaitseb ja rahustab k\u00fc\u00fcnenahka - Loorberi \u00f5li on seenevastane ja antibakteriaalne - Segu looduslikest \u00f5lidest on k\u00fc\u00fcnenahkasid toitev ning pakub intensiivset ja pikaajalist niisutust","og_url":"http:\/\/nailspa.ee\/e-pood\/toode\/vitamina-10ml-kuuneoli\/","og_site_name":"Nailspa e-pood","article_modified_time":"2025-03-13T11:48:03+00:00","og_image":[{"width":2560,"height":2560,"url":"http:\/\/nailspa.ee\/e-pood\/wp-content\/uploads\/2020\/01\/PM6A7820-scaled.jpg","type":"image\/jpeg"}],"twitter_card":"summary_large_image","twitter_misc":{"Est. reading time":"1 minut"},"schema":{"@context":"https:\/\/schema.org","@graph":[{"@type":"WebPage","@id":"http:\/\/nailspa.ee\/e-pood\/toode\/vitamina-10ml-kuuneoli\/","url":"http:\/\/nailspa.ee\/e-pood\/toode\/vitamina-10ml-kuuneoli\/","name":"Vitamina 10ml - k\u00fc\u00fcne\u00f5li | Nailspa e-pood","isPartOf":{"@id":"https:\/\/nailspa.ee\/e-pood\/#website"},"primaryImageOfPage":{"@id":"http:\/\/nailspa.ee\/e-pood\/toode\/vitamina-10ml-kuuneoli\/#primaryimage"},"image":{"@id":"http:\/\/nailspa.ee\/e-pood\/toode\/vitamina-10ml-kuuneoli\/#primaryimage"},"thumbnailUrl":"https:\/\/nailspa.ee\/e-pood\/wp-content\/uploads\/2020\/01\/PM6A7820-scaled.jpg","datePublished":"2020-01-15T19:51:34+00:00","dateModified":"2025-03-13T11:48:03+00:00","breadcrumb":{"@id":"http:\/\/nailspa.ee\/e-pood\/toode\/vitamina-10ml-kuuneoli\/#breadcrumb"},"inLanguage":"et","potentialAction":[{"@type":"ReadAction","target":["http:\/\/nailspa.ee\/e-pood\/toode\/vitamina-10ml-kuuneoli\/"]}]},{"@type":"ImageObject","inLanguage":"et","@id":"http:\/\/nailspa.ee\/e-pood\/toode\/vitamina-10ml-kuuneoli\/#primaryimage","url":"https:\/\/nailspa.ee\/e-pood\/wp-content\/uploads\/2020\/01\/PM6A7820-scaled.jpg","contentUrl":"https:\/\/nailspa.ee\/e-pood\/wp-content\/uploads\/2020\/01\/PM6A7820-scaled.jpg","width":2560,"height":2560},{"@type":"BreadcrumbList","@id":"http:\/\/nailspa.ee\/e-pood\/toode\/vitamina-10ml-kuuneoli\/#breadcrumb","itemListElement":[{"@type":"ListItem","position":1,"name":"Home","item":"https:\/\/nailspa.ee\/e-pood\/"},{"@type":"ListItem","position":2,"name":"Pood","item":"https:\/\/nailspa.ee\/e-pood\/pood\/"},{"@type":"ListItem","position":3,"name":"Vitamina 10ml &#8211; k\u00fc\u00fcne\u00f5li"}]},{"@type":"WebSite","@id":"https:\/\/nailspa.ee\/e-pood\/#website","url":"https:\/\/nailspa.ee\/e-pood\/","name":"Nailspa e-pood","description":"","potentialAction":[{"@type":"SearchAction","target":{"@type":"EntryPoint","urlTemplate":"https:\/\/nailspa.ee\/e-pood\/?s={search_term_string}"},"query-input":{"@type":"PropertyValueSpecification","valueRequired":true,"valueName":"search_term_string"}}],"inLanguage":"et"}]}},"_links":{"self":[{"href":"https:\/\/nailspa.ee\/e-pood\/wp-json\/wp\/v2\/product\/2691","targetHints":{"allow":["GET"]}}],"collection":[{"href":"https:\/\/nailspa.ee\/e-pood\/wp-json\/wp\/v2\/product"}],"about":[{"href":"https:\/\/nailspa.ee\/e-pood\/wp-json\/wp\/v2\/types\/product"}],"wp:featuredmedia":[{"embeddable":true,"href":"https:\/\/nailspa.ee\/e-pood\/wp-json\/wp\/v2\/media\/2973"}],"wp:attachment":[{"href":"https:\/\/nailspa.ee\/e-pood\/wp-json\/wp\/v2\/media?parent=2691"}],"wp:term":[{"taxonomy":"product_brand","embeddable":true,"href":"https:\/\/nailspa.ee\/e-pood\/wp-json\/wp\/v2\/product_brand?post=2691"},{"taxonomy":"product_cat","embeddable":true,"href":"https:\/\/nailspa.ee\/e-pood\/wp-json\/wp\/v2\/product_cat?post=2691"},{"taxonomy":"product_tag","embeddable":true,"href":"https:\/\/nailspa.ee\/e-pood\/wp-json\/wp\/v2\/product_tag?post=2691"}],"curies":[{"name":"wp","href":"https:\/\/api.w.org\/{rel}","templated":true}]}}